he prime factors of (2 - 4 - 1) + (53 - -6)?
2, 7
Let r(j) = 4*j + 3. What are the prime factors of r(3)?
3, 5
Let h(b) = 10*b + 50. What are the prime factors of h(20)?
2, 5
Let i = -3 - -7. Suppose f = -5*s + 15, -s - 37 = -4*s + 5*f. Suppose 5*c + i + 11 = 0, -s*b = 3*c - 3. What are the prime factors of b?
3
Suppose -242 = -5*l - 5*i + 58, 4*i = 4*l - 232. What are the prime factors of l?
59
Let n = -137 + 219. What are the prime factors of n?
2, 41
Let f(j) = 2*j**2 - 18*j - 37. What are the prime factors of f(14)?
103
Let u(q) = -q - 1. Let o(c) = -3*c - 2. Let b(g) = -3*o(g) + 8*u(g). What are the prime factors of b(9)?
7
What are the prime factors of ((-92)/(-4))/((-4)/(-32))?
2, 23
Let d(j) = -j**3 + 2*j**2 - j - 1. Let c be d(2). Let b = c - -18. List the prime factors of b.
3, 5
Let o(i) = -i**3 + 7*i**2 - 3*i - 3. What are the prime factors of o(6)?
3, 5
Let t = 11 + -15. Let s(r) be the third derivative of r**6/120 + r**5/12 + r**4/8 + 5*r**3/6 - 2*r**2. What are the prime factors of s(t)?
3
Suppose 5*k + o + 9 = -0*k, 5*k - 4*o = 11. Let s(x) = -3*x - 1. Let u be s(k). Suppose 0 = -j - 3, u*j + 21 = p - j. What are the prime factors of p?
2, 3
What are the prime factors of (141/6 - 2)*2?
43
Suppose -c + 3 = 5*x, -c + 36 = -3*c + 4*x. Let o = -15 + c. Let f = o - -44. List the prime factors of f.
17
Suppose 2*t + 3*l - 129 = -2*t, 118 = 3*t - 2*l. List the prime factors of t.
2, 3
Let j be (-12)/(0 - 2) + 2. Suppose 26 = 4*o - 10. Let c = j + o. What are the prime factors of c?
17
Suppose 4*m - 6 = 2. Suppose b + 4*o - 27 = 0, -22 - 16 = -4*b - m*o. List the prime factors of b.
7
Let y(o) = -2*o**3 + 3*o**2 - 2*o - 2. Let d be y(-3). Suppose g + 5*f = 33, -3*g = f - 0*f - d. What are the prime factors of g?
2, 7
Let o(f) = -12*f**2. Suppose -5*u - 1 = -6*u. Let t be o(u). Let c = -4 - t. What are the prime factors of c?
2
Let y = 61 - -5. List the prime factors of y.
2, 3, 11
Let n be (-2)/2 - (3 + -1). Let u(r) = r**2 + 1. Let w(k) = -7*k**2 + 2*k - 3. Let g(b) = -6*u(b) - w(b). What are the prime factors of g(n)?
2, 3
Let v(r) = 3*r**2 - 5*r - 20. List the prime factors of v(-5).
2, 5
Suppose 12*r + 446 - 1262 = 0. List the prime factors of r.
2, 17
Suppose 0*z + 3*z - 21 = 0. Let t(j) = j**3 - 5*j**2 - 7*j. What are the prime factors of t(z)?
7
Let m(z) = -z + 5. Let o be m(5). Let v(w) = w**2 - w + 3. Let u be v(o). Suppose 2*x - x - u = 0. List the prime factors of x.
3
Suppose 2*t - 97 = 33. What are the prime factors of t?
5, 13
Let i(m) = 3*m**2 - 4*m + 2. Let n be i(2). Let c be 1/1 + (-3 - -1). Let p = c + n. List the prime factors of p.
5
Suppose 5 = 2*t - m - 6, m - 5 = -2*t. Suppose 3*o - t*x = 9, 4*x = -3*o + 2*x + 9. Suppose 5*j = o*u + 36, -u = -6*j + 2*j + 33. List the prime factors of j.
3
Suppose -5*l = -89 - 86. Let y be l*(-1)/(-2)*-2. List the prime factors of 7/y - (-16)/5.
3
Suppose -4*c + 7*c - 195 = 0. Suppose 0 = -5*v + 65 + c. What are the prime factors of v?
2, 13
Let y = -22 + 7. What are the prime factors of 1/(-3) + (-275)/y?
2, 3
Let b(a) = a + 11. Let q be b(-7). Suppose -3*f + 4*x + 8 = -33, 5*x + 54 = q*f. What are the prime factors of f?
11
What are the prime factors of (-4)/5*(-155)/2?
2, 31
Let b(v) = 10*v**3 + v**2 - 4*v + 3. What are the prime factors of b(2)?
79
Let j be (-4)/10 - 112/20. Let y be ((-32)/(-12))/((-4)/j). What are the prime factors of (12/9)/(y/6)?
2
Let j be (-1)/(-2) - 1/2. Suppose t = -3, -5*n + n - 5*t + 53 = j. What are the prime factors of n?
17
Suppose -10*g - 3213 = -27*g. List the prime factors of g.
3, 7
Let z(b) = b**3 + 6*b**2 + 3*b - 6. Let i be z(-5). Suppose 6 = -3*c, 4*j + 3*c - c = -i. Suppose -18 = -2*y - j*y. What are the prime factors of y?
3
List the prime factors of -4 - ((-2 - 131) + -3)*3.
2, 101
Let m(c) = -5*c + 9. What are the prime factors of m(-4)?
29
Let x = 7 - 2. Let k be ((-36)/(-15))/((-1)/x). Let u = k - -23. What are the prime factors of u?
11
Let o = 42 - -3. Suppose -z = 4*g - 92, 5*g + 40 - 155 = 4*z. Let q = o - g. What are the prime factors of q?
2, 11
Let y(s) = 3*s**2 + 2*s + 1. Let l be y(3). Let x = l + -18. What are the prime factors of x?
2
Suppose 3*g + 4*g = 8526. List the prime factors of g/56*(-16)/(-6).
2, 29
Let o(j) = j. Let y(u) = -5*u - 6. Let p(q) = 4*o(q) + y(q). List the prime factors of p(-8).
2
Let l = 0 - -60. Suppose -k = 2*k - l. What are the prime factors of k?
2, 5
Let j = -41 - -62. What are the prime factors of j?
3, 7
Let k(s) = 7*s - 4. Let h be k(4). Suppose -5*m = -5*v + 155, -5*m + h = 3*v - 45. List the prime factors of v.
2, 7
Suppose -12 = -0*s - 3*s. Suppose -a + s*a = 99. List the prime factors of a.
3, 11
Let i(g) = 3*g + 4. Let v be i(-3). Let b = 2 - v. Suppose 4*d - 41 = b. List the prime factors of d.
2, 3
Suppose -38*p - 666 = -47*p. What are the prime factors of p?
2, 37
What are the prime factors of 5/(-15) - (-34)/3?
11
Let j = 7 - 5. Suppose j*x + 8 = 0, -18 = -b + 2*x - 3. List the prime factors of b.
7
Let n be 1 - (-1 - -2) - -4. Suppose -n*t = -2 - 10. What are the prime factors of (-66)/(-8) + t/(-12)?
2
Suppose 0 = -4*b + 2*b - 20. Let z(h) = -2*h - 15. Let p be z(b). Suppose 0 = p*u - 3*u - 36. What are the prime factors of u?
2, 3
List the prime factors of 3/2*(-208)/(-12).
2, 13
Suppose 0*k + 4*k = 20, k - 5 = -3*b. Suppose 0 = -i + 6 - b. What are the prime factors of i?
2, 3
Let a be (-4)/(-10) - (-13)/5. Suppose 0 = -a*z - 40 + 121. What are the prime factors of z?
3
Let b(l) = 2*l**2 + 13*l - 10. Let x be b(-10). Let t = x + -40. List the prime factors of t.
2, 5
Suppose -r + 451 - 145 = 3*a, -607 = -2*r - 5*a. What are the prime factors of r?
3, 97
Suppose -2*f + 5 + 3 = 0. Suppose 0 = f*u - 8 - 24. List the prime factors of u.
2
Let v(p) = -2*p - 4. Let u be v(-4). Suppose u*n - 3*h = 42, -2*h + 0*h = 4*n - 52. What are the prime factors of n?
2, 3
Let o(l) = l**2 + 15*l + 35. List the prime factors of o(-13).
3
List the prime factors of (-415)/(-5) - (4 - 1).
2, 5
Let x = 29 + -12. Suppose -p + x = -0*p - 4*i, i - 77 = -3*p. What are the prime factors of p?
5
Let v = 18 - 6. Suppose -2*w + 13 + 8 = 5*s, 0 = 3*w + s - v. Suppose -5*c + 3*f = -c - 8, 5*c - w*f = 13. List the prime factors of c.
5
Let m be (-5 - -4)*(1 - 1). Suppose m*w - 24 = -2*w. What are the prime factors of w?
2, 3
Suppose 0 = 5*m + 20 + 15. Let i = m - -12. What are the prime factors of i?
5
Let j = 70 - 44. Let c = 16 - j. List the prime factors of 27/2 - 15/c.
3, 5
Suppose 3*c = 3*z + z + 52, z + 58 = 3*c. List the prime factors of c.
2, 5
Let q(w) = 20*w**2 + w + 1. Let z be q(-1). Suppose 3*r = 2*b - r - z, 4*r + 6 = b. List the prime factors of b.
2, 7
Let c = -57 - -37. Let m = 3 - c. Let o = m - 13. List the prime factors of o.
2, 5
Suppose 3*w = w + 2*v + 32, -5*w + 74 = v. Suppose 0*d - w = -d. What are the prime factors of 1 + (d*1)/3?
2, 3
Let n(s) = 7*s**2 - 6*s + 1. List the prime factors of n(8).
401
Let u = 34 + -55. Let p be 6/u - (-32)/14. Suppose -2*w - 4*b + 8 = 0, -4*w + b = -p*b - 5. List the prime factors of w.
2
Let w(h) = -78*h + 51. What are the prime factors of w(-5)?
3, 7
Let m = 28 + 0. List the prime factors of m.
2, 7
Let r = -7 + 11. Suppose -5*o + 16 = 2*b - b, -5*b + 138 = -r*o. What are the prime factors of b?
2, 13
Let b = 26 + 3. Let m = 2 + b. Suppose -29 = -5*u + s + 35, m = 2*u + 5*s. What are the prime factors of u?
13
Let c(y) = -5 + 6*y**2 + 5 - y + 0 + 1. List the prime factors of c(1).
2, 3
Suppose -4*p + 3*g + 585 = 185, 2*p = -4*g + 222. List the prime factors of p.
103
Let b = 1 + 0. Let s(q) = -q + 6*q - q - q. What are the prime factors of s(b)?
3
Suppose 3*p - 2*p + 94 = 4*v, -3*p = 2*v - 40. List the prime factors of (v + -3)*9/12.
3, 5
Suppose 2*p - 211 = -8*z + 5*z, -3*z + 3*p + 186 = 0. What are the prime factors of z?
67
Let u = 18 + -13. Let j = u - 1. What are the prime factors of j?
2
Suppose -5*s + 122 = 402. What are the prime factors of (-7)/s + 231/8?
29
Let j(t) = -t**2 - 1. Let i be j(0). What are the prime factors of (4 - i - 2)*9?
3
Let o = 137 - 69. List the prime factors of o.
2, 17
Let a = 43 + 27. Let r(f) = f**3 + 9*f**2 + 12*f - 14. Let i be r(-7). Suppose -5*x + a = -i*x. List the prime factors of x.
2, 7
Let s(a) = 3*a - 3. 